{"id":1877,"date":"2026-08-26T08:33:39","date_gmt":"2026-08-26T08:33:39","guid":{"rendered":"https:\/\/hsvnnews.se\/?page_id=1877"},"modified":"2026-08-26T08:33:40","modified_gmt":"2026-08-26T08:33:40","slug":"regeringsuppdrag-palliativ-vard","status":"publish","type":"page","link":"https:\/\/hsvnnews.se\/en\/regeringsuppdrag-palliativ-vard\/","title":{"rendered":"Regeringsuppdrag &#8211; palliativ v\u00e5rd"},"content":{"rendered":"<h2 class=\"wp-block-heading\">Regeringsuppdrag &#8211; palliativ v\u00e5rd<\/h2>\n\n\n\n<details class=\"wp-block-details is-layout-flow wp-block-details-is-layout-flow\"><summary><strong>St\u00f6dja implementeringen och uppf\u00f6ljningen av de nya riktlinjerna f\u00f6r palliativ v\u00e5rd&nbsp;<\/strong><\/summary>\n<figure class=\"wp-block-table\"><table class=\"has-fixed-layout\"><tbody><tr><td><strong>Syfte:<\/strong> M\u00e5let med de nya nationella riktlinjerna \u00e4r att alla patienter, oavsett diagnos, \u00e5lder eller var i landet de bor, ska f\u00e5 en v\u00e4rdig v\u00e5rd i livets slutskede.<\/td><\/tr><tr><td><strong>Uppdraget ges till:<\/strong><br><br>&#8211;  Socialstyrelsen <\/td><\/tr><tr><td><br>Socialstyrelsen ska leda implementeringen av de nationella riktlinjerna, f\u00f6lja upp hur v\u00e4l riktlinjerna efterlevs och utveckla indikatorer och m\u00e5lniv\u00e5er som g\u00f6r det m\u00f6jligt att m\u00e4ta och j\u00e4mf\u00f6ra kvaliteten i v\u00e5rden. Myndigheten ska ocks\u00e5 f\u00f6rb\u00e4ttra informationsfl\u00f6det fr\u00e5n h\u00e4lso- och sjukv\u00e5rden i samarbete med Svenska Palliativregistret, och visualisera data i sitt analysverktyg \u2013 med m\u00f6jlighet att bryta ner resultat p\u00e5 k\u00f6n, \u00e5lder och socioekonomi.<br><br>Riktlinjerna betonar att palliativ v\u00e5rd inte bara ska ges i livets slutskede, utan integreras tidigare i v\u00e5rdf\u00f6rloppet.. V\u00e5rden ska ocks\u00e5 inkludera st\u00f6d till n\u00e4rst\u00e5ende och st\u00e4rkt kompetens hos personalen. <\/td><\/tr><tr><td>Slutrapportering: 30 oktober 2027 till Socialdepartementet<\/td><\/tr><\/tbody><\/table><\/figure>\n<\/details>","protected":false},"excerpt":{"rendered":"<p>Regeringsuppdrag &#8211; palliativ v\u00e5rd<\/p>","protected":false},"author":1,"featured_media":0,"parent":0,"menu_order":0,"comment_status":"closed","ping_status":"closed","template":"","meta":{"footnotes":""},"class_list":["post-1877","page","type-page","status-publish","hentry"],"yoast_head":"<!-- This site is optimized with the Yoast SEO plugin v28.4 - https:\/\/yoast.com\/product\/yoast-seo-wordpress\/ -->\n<title>Regeringsuppdrag - palliativ v\u00e5rd -<\/title>\n<meta name=\"robots\" content=\"index, follow, max-snippet:-1, max-image-preview:large, max-video-preview:-1\" \/>\n<link rel=\"canonical\" href=\"https:\/\/hsvnnews.se\/en\/regeringsuppdrag-palliativ-vard\/\" \/>\n<meta property=\"og:locale\" content=\"en_GB\" \/>\n<meta property=\"og:type\" content=\"article\" \/>\n<meta property=\"og:title\" content=\"Regeringsuppdrag - palliativ v\u00e5rd -\" \/>\n<meta property=\"og:description\" content=\"Regeringsuppdrag &#8211; palliativ v\u00e5rd\" \/>\n<meta property=\"og:url\" content=\"https:\/\/hsvnnews.se\/en\/regeringsuppdrag-palliativ-vard\/\" \/>\n<meta property=\"article:modified_time\" content=\"2026-08-26T08:33:40+00:00\" \/>\n<meta name=\"twitter:card\" content=\"summary_large_image\" \/>\n<meta name=\"twitter:label1\" content=\"Estimated reading time\" \/>\n\t<meta name=\"twitter:data1\" content=\"1 minute\" \/>\n<script type=\"application\/ld+json\" class=\"yoast-schema-graph\">{\"@context\":\"https:\\\/\\\/schema.org\",\"@graph\":[{\"@type\":\"WebPage\",\"@id\":\"https:\\\/\\\/hsvnnews.se\\\/regeringsuppdrag-palliativ-vard\\\/\",\"url\":\"https:\\\/\\\/hsvnnews.se\\\/regeringsuppdrag-palliativ-vard\\\/\",\"name\":\"Regeringsuppdrag - palliativ v\u00e5rd -\",\"isPartOf\":{\"@id\":\"https:\\\/\\\/hsvnnews.se\\\/#website\"},\"datePublished\":\"2026-08-26T08:33:39+00:00\",\"dateModified\":\"2026-08-26T08:33:40+00:00\",\"breadcrumb\":{\"@id\":\"https:\\\/\\\/hsvnnews.se\\\/regeringsuppdrag-palliativ-vard\\\/#breadcrumb\"},\"inLanguage\":\"en-GB\",\"potentialAction\":[{\"@type\":\"ReadAction\",\"target\":[\"https:\\\/\\\/hsvnnews.se\\\/regeringsuppdrag-palliativ-vard\\\/\"]}]},{\"@type\":\"BreadcrumbList\",\"@id\":\"https:\\\/\\\/hsvnnews.se\\\/regeringsuppdrag-palliativ-vard\\\/#breadcrumb\",\"itemListElement\":[{\"@type\":\"ListItem\",\"position\":1,\"name\":\"Hem\",\"item\":\"https:\\\/\\\/hsvnnews.se\\\/\"},{\"@type\":\"ListItem\",\"position\":2,\"name\":\"Regeringsuppdrag &#8211; palliativ v\u00e5rd\"}]},{\"@type\":\"WebSite\",\"@id\":\"https:\\\/\\\/hsvnnews.se\\\/#website\",\"url\":\"https:\\\/\\\/hsvnnews.se\\\/\",\"name\":\"Nyheter och information om utveckling inom h\u00e4lso- och sjukv\u00e5rden\",\"description\":\"F\u00f6r dig som utvecklar utifr\u00e5n patientbehov\",\"publisher\":{\"@id\":\"https:\\\/\\\/hsvnnews.se\\\/#organization\"},\"potentialAction\":[{\"@type\":\"SearchAction\",\"target\":{\"@type\":\"EntryPoint\",\"urlTemplate\":\"https:\\\/\\\/hsvnnews.se\\\/?s={search_term_string}\"},\"query-input\":{\"@type\":\"PropertyValueSpecification\",\"valueRequired\":true,\"valueName\":\"search_term_string\"}}],\"inLanguage\":\"en-GB\"},{\"@type\":\"Organization\",\"@id\":\"https:\\\/\\\/hsvnnews.se\\\/#organization\",\"name\":\"HSVN news\",\"url\":\"https:\\\/\\\/hsvnnews.se\\\/\",\"logo\":{\"@type\":\"ImageObject\",\"inLanguage\":\"en-GB\",\"@id\":\"https:\\\/\\\/hsvnnews.se\\\/#\\\/schema\\\/logo\\\/image\\\/\",\"url\":\"https:\\\/\\\/hsvnnews.se\\\/wp-content\\\/uploads\\\/2026\\\/08\\\/cropped-ChatGPT-Image-31-aug.-2026-17_08_28.png\",\"contentUrl\":\"https:\\\/\\\/hsvnnews.se\\\/wp-content\\\/uploads\\\/2026\\\/08\\\/cropped-ChatGPT-Image-31-aug.-2026-17_08_28.png\",\"width\":1982,\"height\":368,\"caption\":\"HSVN news\"},\"image\":{\"@id\":\"https:\\\/\\\/hsvnnews.se\\\/#\\\/schema\\\/logo\\\/image\\\/\"},\"sameAs\":[\"https:\\\/\\\/www.linkedin.com\\\/showcase\\\/hsvn-news\"]}]}<\/script>\n<!-- \/ Yoast SEO plugin. -->","yoast_head_json":{"title":"Regeringsuppdrag - palliativ v\u00e5rd -","robots":{"index":"index","follow":"follow","max-snippet":"max-snippet:-1","max-image-preview":"max-image-preview:large","max-video-preview":"max-video-preview:-1"},"canonical":"https:\/\/hsvnnews.se\/en\/regeringsuppdrag-palliativ-vard\/","og_locale":"en_GB","og_type":"article","og_title":"Regeringsuppdrag - palliativ v\u00e5rd -","og_description":"Regeringsuppdrag &#8211; palliativ v\u00e5rd","og_url":"https:\/\/hsvnnews.se\/en\/regeringsuppdrag-palliativ-vard\/","article_modified_time":"2026-08-26T08:33:40+00:00","twitter_card":"summary_large_image","twitter_misc":{"Estimated reading time":"1 minute"},"schema":{"@context":"https:\/\/schema.org","@graph":[{"@type":"WebPage","@id":"https:\/\/hsvnnews.se\/regeringsuppdrag-palliativ-vard\/","url":"https:\/\/hsvnnews.se\/regeringsuppdrag-palliativ-vard\/","name":"Regeringsuppdrag - palliativ v\u00e5rd -","isPartOf":{"@id":"https:\/\/hsvnnews.se\/#website"},"datePublished":"2026-08-26T08:33:39+00:00","dateModified":"2026-08-26T08:33:40+00:00","breadcrumb":{"@id":"https:\/\/hsvnnews.se\/regeringsuppdrag-palliativ-vard\/#breadcrumb"},"inLanguage":"en-GB","potentialAction":[{"@type":"ReadAction","target":["https:\/\/hsvnnews.se\/regeringsuppdrag-palliativ-vard\/"]}]},{"@type":"BreadcrumbList","@id":"https:\/\/hsvnnews.se\/regeringsuppdrag-palliativ-vard\/#breadcrumb","itemListElement":[{"@type":"ListItem","position":1,"name":"Hem","item":"https:\/\/hsvnnews.se\/"},{"@type":"ListItem","position":2,"name":"Regeringsuppdrag &#8211; palliativ v\u00e5rd"}]},{"@type":"WebSite","@id":"https:\/\/hsvnnews.se\/#website","url":"https:\/\/hsvnnews.se\/","name":"Nyheter och information om utveckling inom h\u00e4lso- och sjukv\u00e5rden","description":"F\u00f6r dig som utvecklar utifr\u00e5n patientbehov","publisher":{"@id":"https:\/\/hsvnnews.se\/#organization"},"potentialAction":[{"@type":"SearchAction","target":{"@type":"EntryPoint","urlTemplate":"https:\/\/hsvnnews.se\/?s={search_term_string}"},"query-input":{"@type":"PropertyValueSpecification","valueRequired":true,"valueName":"search_term_string"}}],"inLanguage":"en-GB"},{"@type":"Organization","@id":"https:\/\/hsvnnews.se\/#organization","name":"HSVN news","url":"https:\/\/hsvnnews.se\/","logo":{"@type":"ImageObject","inLanguage":"en-GB","@id":"https:\/\/hsvnnews.se\/#\/schema\/logo\/image\/","url":"https:\/\/hsvnnews.se\/wp-content\/uploads\/2026\/08\/cropped-ChatGPT-Image-31-aug.-2026-17_08_28.png","contentUrl":"https:\/\/hsvnnews.se\/wp-content\/uploads\/2026\/08\/cropped-ChatGPT-Image-31-aug.-2026-17_08_28.png","width":1982,"height":368,"caption":"HSVN news"},"image":{"@id":"https:\/\/hsvnnews.se\/#\/schema\/logo\/image\/"},"sameAs":["https:\/\/www.linkedin.com\/showcase\/hsvn-news"]}]}},"_links":{"self":[{"href":"https:\/\/hsvnnews.se\/en\/wp-json\/wp\/v2\/pages\/1877","targetHints":{"allow":["GET"]}}],"collection":[{"href":"https:\/\/hsvnnews.se\/en\/wp-json\/wp\/v2\/pages"}],"about":[{"href":"https:\/\/hsvnnews.se\/en\/wp-json\/wp\/v2\/types\/page"}],"author":[{"embeddable":true,"href":"https:\/\/hsvnnews.se\/en\/wp-json\/wp\/v2\/users\/1"}],"replies":[{"embeddable":true,"href":"https:\/\/hsvnnews.se\/en\/wp-json\/wp\/v2\/comments?post=1877"}],"version-history":[{"count":1,"href":"https:\/\/hsvnnews.se\/en\/wp-json\/wp\/v2\/pages\/1877\/revisions"}],"predecessor-version":[{"id":1879,"href":"https:\/\/hsvnnews.se\/en\/wp-json\/wp\/v2\/pages\/1877\/revisions\/1879"}],"wp:attachment":[{"href":"https:\/\/hsvnnews.se\/en\/wp-json\/wp\/v2\/media?parent=1877"}],"curies":[{"name":"wp","href":"https:\/\/api.w.org\/{rel}","templated":true}]}}

Regeringsuppdrag &#8211; palliativ vård

<h2 class="wp-block-heading">Regeringsuppdrag &#8211; palliativ vård</h2>



<details class="wp-block-details is-layout-flow wp-block-details-is-layout-flow"><summary><strong>Stödja implementeringen och uppföljningen av de nya riktlinjerna för palliativ vård&nbsp;</strong></summary>
<figure class="wp-block-table"><table class="has-fixed-layout"><tbody><tr><td><strong>Syfte:</strong> Målet med de nya nationella riktlinjerna är att alla patienter, oavsett diagnos, ålder eller var i landet de bor, ska få en värdig vård i livets slutskede.</td></tr><tr><td><strong>Uppdraget ges till:</strong><br><br>&#8211;  Socialstyrelsen </td></tr><tr><td><br>Socialstyrelsen ska leda implementeringen av de nationella riktlinjerna, följa upp hur väl riktlinjerna efterlevs och utveckla indikatorer och målnivåer som gör det möjligt att mäta och jämföra kvaliteten i vården. Myndigheten ska också förbättra informationsflödet från hälso- och sjukvården i samarbete med Svenska Palliativregistret, och visualisera data i sitt analysverktyg – med möjlighet att bryta ner resultat på kön, ålder och socioekonomi.<br><br>Riktlinjerna betonar att palliativ vård inte bara ska ges i livets slutskede, utan integreras tidigare i vårdförloppet.. Vården ska också inkludera stöd till närstående och stärkt kompetens hos personalen. </td></tr><tr><td>Slutrapportering: 30 oktober 2027 till Socialdepartementet</td></tr></tbody></table></figure>
</details>

<p>Regeringsuppdrag &#8211; palliativ vård</p>

<!-- This site is optimized with the Yoast SEO plugin v28.4 - https://yoast.com/product/yoast-seo-wordpress/ -->
<title>Regeringsuppdrag - palliativ vård -</title>
<meta name="robots" content="index, follow, max-snippet:-1, max-image-preview:large, max-video-preview:-1" />
<link rel="canonical" href="https://hsvnnews.se/en/regeringsuppdrag-palliativ-vard/" />
<meta property="og:locale" content="en_GB" />
<meta property="og:type" content="article" />
<meta property="og:title" content="Regeringsuppdrag - palliativ vård -" />
<meta property="og:description" content="Regeringsuppdrag &#8211; palliativ vård" />
<meta property="og:url" content="https://hsvnnews.se/en/regeringsuppdrag-palliativ-vard/" />
<meta property="article:modified_time" content="2026-08-26T08:33:40+00:00" />
<meta name="twitter:card" content="summary_large_image" />
<meta name="twitter:label1" content="Estimated reading time" />
	<meta name="twitter:data1" content="1 minute" />
<script type="application/ld+json" class="yoast-schema-graph">{"@context":"https:\/\/schema.org","@graph":[{"@type":"WebPage","@id":"https:\/\/hsvnnews.se\/regeringsuppdrag-palliativ-vard\/","url":"https:\/\/hsvnnews.se\/regeringsuppdrag-palliativ-vard\/","name":"Regeringsuppdrag - palliativ vård -","isPartOf":{"@id":"https:\/\/hsvnnews.se\/#website"},"datePublished":"2026-08-26T08:33:39+00:00","dateModified":"2026-08-26T08:33:40+00:00","breadcrumb":{"@id":"https:\/\/hsvnnews.se\/regeringsuppdrag-palliativ-vard\/#breadcrumb"},"inLanguage":"en-GB","potentialAction":[{"@type":"ReadAction","target":["https:\/\/hsvnnews.se\/regeringsuppdrag-palliativ-vard\/"]}]},{"@type":"BreadcrumbList","@id":"https:\/\/hsvnnews.se\/regeringsuppdrag-palliativ-vard\/#breadcrumb","itemListElement":[{"@type":"ListItem","position":1,"name":"Hem","item":"https:\/\/hsvnnews.se\/"},{"@type":"ListItem","position":2,"name":"Regeringsuppdrag &#8211; palliativ vård"}]},{"@type":"WebSite","@id":"https:\/\/hsvnnews.se\/#website","url":"https:\/\/hsvnnews.se\/","name":"Nyheter och information om utveckling inom hälso- och sjukvården","description":"För dig som utvecklar utifrån patientbehov","publisher":{"@id":"https:\/\/hsvnnews.se\/#organization"},"potentialAction":[{"@type":"SearchAction","target":{"@type":"EntryPoint","urlTemplate":"https:\/\/hsvnnews.se\/?s={search_term_string}"},"query-input":{"@type":"PropertyValueSpecification","valueRequired":true,"valueName":"search_term_string"}}],"inLanguage":"en-GB"},{"@type":"Organization","@id":"https:\/\/hsvnnews.se\/#organization","name":"HSVN news","url":"https:\/\/hsvnnews.se\/","logo":{"@type":"ImageObject","inLanguage":"en-GB","@id":"https:\/\/hsvnnews.se\/#\/schema\/logo\/image\/","url":"https:\/\/hsvnnews.se\/wp-content\/uploads\/2026\/08\/cropped-ChatGPT-Image-31-aug.-2026-17_08_28.png","contentUrl":"https:\/\/hsvnnews.se\/wp-content\/uploads\/2026\/08\/cropped-ChatGPT-Image-31-aug.-2026-17_08_28.png","width":1982,"height":368,"caption":"HSVN news"},"image":{"@id":"https:\/\/hsvnnews.se\/#\/schema\/logo\/image\/"},"sameAs":["https:\/\/www.linkedin.com\/showcase\/hsvn-news"]}]}</script>
<!-- / Yoast SEO plugin. -->

Regeringsuppdrag - palliativ vård -

Nyheter och information om utveckling inom hälso- och sjukvården

För dig som utvecklar utifrån patientbehov
